s the hundred thousands digit of 9528904?
5
What is the thousands digit of 909106?
9
What is the hundreds digit of 2522274?
2
What is the hundred thousands digit of 139987?
1
What is the tens digit of 473049?
4
What is the hundreds digit of 5648574?
5
What is the thousands digit of 1580003?
0
What is the tens digit of 734092?
9
What is the millions digit of 10346374?
0
What is the hundred thousands digit of 354828?
3
What is the thousands digit of 12635886?
5
What is the millions digit of 16172643?
6
What is the units digit of 13774226?
6
What is the thousands digit of 973099?
3
What is the thousands digit of 280050?
0
What is the units digit of 3390487?
7
What is the thousands digit of 3092615?
2
What is the units digit of 108318?
8
What is the thousands digit of 36345?
6
What is the hundred thousands digit of 14050818?
0
What is the units digit of 9412512?
2
What is the ten thousands digit of 109811?
0
What is the units digit of 7165734?
4
What is the hundreds digit of 110805?
8
What is the ten millions digit of 10167910?
1
What is the hundreds digit of 13997278?
2
What is the hundreds digit of 368449?
4
What is the hundreds digit of 3375665?
6
What is the units digit of 61407?
7
What is the tens digit of 9369761?
6
What is the ten thousands digit of 2047442?
4
What is the units digit of 3319441?
1
What is the tens digit of 1242211?
1
What is the units digit of 2406919?
9
What is the tens digit of 111611?
1
What is the tens digit of 1014454?
5
What is the units digit of 631862?
2
What is the tens digit of 3470430?
3
What is the millions digit of 7621847?
7
What is the thousands digit of 969681?
9
What is the hundreds digit of 156168?
1
What is the ten thousands digit of 6830504?
3
What is the tens digit of 137743?
4
What is the millions digit of 3106526?
3
What is the hundreds digit of 99389?
3
What is the hundred thousands digit of 1367798?
3
What is the millions digit of 6390345?
6
What is the tens digit of 287596?
9
What is the ten thousands digit of 297767?
9
What is the thousands digit of 1487595?
7
What is the units digit of 868080?
0
What is the ten thousands digit of 763778?
6
What is the thousands digit of 107857?
7
What is the hundreds digit of 2627872?
8
What is the tens digit of 48622?
2
What is the ten millions digit of 18413896?
1
What is the hundred thousands digit of 1208562?
2
What is the units digit of 9847198?
8
What is the thousands digit of 2907265?
7
What is the hundreds digit of 1849263?
2
What is the units digit of 1917200?
0
What is the ten thousands digit of 9198363?
9
What is the ten thousands digit of 108137?
0
What is the ten thousands digit of 3274294?
7
What is the thousands digit of 111542?
1
What is the hundred thousands digit of 418687?
4
What is the millions digit of 3415726?
3
What is the ten thousands digit of 12069606?
6
What is the thousands digit of 1138717?
8
What is the tens digit of 1072078?
7
What is the tens digit of 7467941?
4
What is the thousands digit of 519090?
9
What is the units digit of 830772?
2
What is the ten millions digit of 11920095?
1
What is the ten thousands digit of 152159?
5
What is the ten thousands digit of 84291?
8
What is the hundreds digit of 324915?
9
What is the ten thousands digit of 264502?
6
What is the units digit of 1068271?
1
What is the tens digit of 95686?
8
What is the hundreds digit of 597681?
6
What is the ten thousands digit of 3450138?
5
What is the millions digit of 1702604?
1
What is the units digit of 7368656?
6
What is the hundred thousands digit of 647764?
6
What is the thousands digit of 1066332?
6
What is the ten thousands digit of 647992?
4
What is the thousands digit of 525457?
5
What is the units digit of 546780?
0
What is the units digit of 2159559?
9
What is the millions digit of 20533152?
0
What is the tens digit of 3622246?
4
What is the thousands digit of 772518?
2
What is the units digit of 223109?
9
What is the millions digit of 5261544?
5
What is the hundreds digit of 87745?
7
What is the ten thousands digit of 2624941?
2
What is the ten thousands digit of 414593?
1
What is the tens digit of 2746487?
8
What is the hundreds digit of 2940454?
4
What is the units digit of 1445818?
8
What is the ten thousands digit of 725449?
2
What is the thousands digit of 629831?
9
What is the thousands digit of 7592536?
2
What is the thousands digit of 3934143?
4
What is the hundred thousands digit of 4188314?
1
What is the ten thousands digit of 3344725?
4
What is the tens digit of 251191?
9
What is the hundreds digit of 181218?
2
What is the ten thousands digit of 837727?
3
What is the units digit of 8011998?
8
What is the thousands digit of 7427733?
7
What is the thousands digit of 21909186?
9
What is the units digit of 409265?
5
What is the thousands digit of 3368290?
8
What is the ten thousands digit of 444788?
4
What is the hundred thousands digit of 27876110?
8
What is the ten millions digit of 37069569?
3
What is the hundred thousands digit of 4368849?
3
What is the millions digit of 9329698?
9
What is the hundred thousands digit of 198333?
1
What is the thousands digit of 137113?
7
What is the hundred thousands digit of 325243?
3
What is the ten thousands digit of 1025587?
2
What is the millions digit of 13779912?
3
What is the hundred thousands digit of 2556126?
5
What is the thousands digit of 332836?
2
What is the hundred thousands digit of 6408742?
4
What is the hundred thousands digit of 289298?
2
What is the thousands digit of 11879?
1
What is the ten thousands digit of 5788882?
8
What is the hundred thousands digit of 1167023?
1
What is the hundreds digit of 2650271?
2
What is the thousands digit of 298033?
8
What is the tens digit of 203986?
8
What is the thousands digit of 1768839?
8
What is the hundreds digit of 323488?
4
What is the thousands digit of 184946?
4
What is the hundred thousands digit of 321394?
3
What is the tens digit of 2099470?
7
What is the ten thousands digit of 242706?
4
What is the tens digit of 252906?
0
What is the units digit of 121030?
0
What is the hundreds digit of 329305?
3
What is the ten thousands digit of 11344385?
4
What is the hundred thousands digit of 105319?
1
What is the tens digit of 6768697?
9
What is the millions digit of 1230222?
1
What is the tens digit of 8111462?
6
What is the ten thousands digit of 178396?
7
What is the units digit of 242683?
3
What is the hundreds digit of 2102342?
3
What is the ten thousands digit of 252528?
5
What is the ten millions digit of 10202506?
1
What is the hundred thousands digit of 161246?
1
What is the millions digit of 7901389?
7
What is the thousands digit of 14697975?
7
What is the thousands digit of 320387?
0
What is the units digit of 105162?
2
What is the thousands digit of 257557?
7
What is the tens digit of 318706?
0
What is the tens digit of 2973246?
4
What is the ten thousands digit of 179616?
7
What is the hundreds digit of 94547?
5
What is the hundred thousands digit of 7398949?
3
What is the tens digit of 6850026?
2
What is the hundreds digit of 1981347?
3
What is the tens digit of 1106056?
5
What is the thousands digit of 30451?
0
What is the units digit of 1093239?
9
What is the hundred thousands digit of 18641707?
6
What is the millions digit of 1638965?
1
What is the units digit of 3623657?
7
What is the hundred thousands digit of 277637?
2
What is the hundreds digit of 7886?
8
What is the tens digit of 7204622?
2
What is the units digit of 801018?
8
What is the thousands digit of 25621751?
1
What is the millions digit of 15395749?
5
What is the hundred thousands digit of 6087003?
0
What is the hundreds digit of 41120716?
7
What is the tens digit of 1970368?
6
What is the units digit of 6740159?
9
What is the ten millions digit of 15629319?
1
What is the tens digit of 9998221?
2
What is the millions digit of 6359870?
6
What is the hundreds digit of 2845521?
5
What is the ten thousands digit of 1229305?
2
What is the hundred thousands digit of 198532?
1
What is the thousands digit of 242491?
2
What is the thousands digit of 1552973?
2
What is the tens digit of 12412262?
6
What is the hundreds digit of 5129333?
3
What is the ten thousands digit of 2469508?
6
What is the millions digit of 19230396?
9
What is the thousands digit of 7090287?
0
Wha